{"id":1255,"date":"2017-05-24T14:11:27","date_gmt":"2017-05-24T14:11:27","guid":{"rendered":"https:\/\/gimsoaragon.com\/juan-luis-fuentes-bernal\/"},"modified":"2017-09-21T08:09:53","modified_gmt":"2017-09-21T08:09:53","slug":"juan-luis-fuentes-bernal","status":"publish","type":"page","link":"https:\/\/gimsoaragon.com\/en\/curriculum-vitae\/juan-luis-fuentes-bernal\/","title":{"rendered":"Juan Luis Fuentes Bernal"},"content":{"rendered":"<h4>FORMACI\u00d3N<\/h4>\n<ul>\n<li>T\u00e9cnico Superior.<\/li>\n<li>Realizaci\u00f3n Audiovisuales. I.E.S. Los Enlaces.<\/li>\n<li>T\u00e9cnico Especialista. I.E.S. Los Enlaces.<\/li>\n<li>Imagen y Sonido. I.E.S. Los Enlaces.<\/li>\n<\/ul>\n<h4>L\u00cdNEAS DE INVESTIGACI\u00d3N<\/h4>\n<ul>\n<li>Participaci\u00f3n como investigador en 6 proyectos de investigaci\u00f3n, de los cuales 3 son financiados por entidades p\u00fablicas y 3 son ensayos cl\u00ednicos.<\/li>\n<li>Holding de una patente \u201cNueva t\u00e9cnica de fotograf\u00eda micro estereosc\u00f3pica combinada de la retina en dos ejes (x;y)\u201d.<\/li>\n<\/ul>\n<h4>PRINCIPALES M\u00c9RITOS<\/h4>\n<ul>\n<li>Monitor de estudio de Flujo, en el Hospital Miguel Servet de Zaragoza, 2008.<\/li>\n<li>Profesor del curso Imagen y Diagn\u00f3stico Ocular, patrocinado por laboratorios Alcon, en el Hospital Miguel Servet de Zaragoza, 2009-2010.<\/li>\n<li>Fotograf\u00edas publicadas en 3 art\u00edculos de revistas, 2 de ellas con num ISBN.<\/li>\n<li>3 comunicaciones a congresos nacionales, una de ellas galardonada con el Premio Especial Ojo Seco, de la Sociedad Espa\u00f1ola de Oftalmolog\u00eda.<\/li>\n<\/ul>\n<p><a href=\"\/wp-content\/uploads\/cvfuentes.pdf\" target=\"_blank\" rel=\"noopener noreferrer\"><i class=\"uk-icon-cloud-download\"><\/i> Descargar CV de\u00a0Juan Luis Fuentes Bernal<\/a><\/p>\n<p>&nbsp;<\/p>\n","protected":false},"excerpt":{"rendered":"<p>FORMACI\u00d3N T\u00e9cnico Superior. Realizaci\u00f3n Audiovisuales. I.E.S. Los Enlaces. T\u00e9cnico Especialista. I.E.S. Los Enlaces. Imagen y Sonido. I.E.S. Los Enlaces. L\u00cdNEAS DE INVESTIGACI\u00d3N Participaci\u00f3n como investigador en 6 proyectos de investigaci\u00f3n,&#8230; <a style=\"color: #e4262b\" class=\"read-more\" href=\"https:\/\/gimsoaragon.com\/en\/curriculum-vitae\/juan-luis-fuentes-bernal\/\">more<\/a><\/p>\n","protected":false},"author":1,"featured_media":0,"parent":1275,"menu_order":0,"comment_status":"closed","ping_status":"closed","template":"","meta":{"_acf_changed":false,"footnotes":""},"class_list":["post-1255","page","type-page","status-publish","hentry"],"acf":[],"_links":{"self":[{"href":"https:\/\/gimsoaragon.com\/en\/wp-json\/wp\/v2\/pages\/1255","targetHints":{"allow":["GET"]}}],"collection":[{"href":"https:\/\/gimsoaragon.com\/en\/wp-json\/wp\/v2\/pages"}],"about":[{"href":"https:\/\/gimsoaragon.com\/en\/wp-json\/wp\/v2\/types\/page"}],"author":[{"embeddable":true,"href":"https:\/\/gimsoaragon.com\/en\/wp-json\/wp\/v2\/users\/1"}],"replies":[{"embeddable":true,"href":"https:\/\/gimsoaragon.com\/en\/wp-json\/wp\/v2\/comments?post=1255"}],"version-history":[{"count":1,"href":"https:\/\/gimsoaragon.com\/en\/wp-json\/wp\/v2\/pages\/1255\/revisions"}],"predecessor-version":[{"id":1297,"href":"https:\/\/gimsoaragon.com\/en\/wp-json\/wp\/v2\/pages\/1255\/revisions\/1297"}],"up":[{"embeddable":true,"href":"https:\/\/gimsoaragon.com\/en\/wp-json\/wp\/v2\/pages\/1275"}],"wp:attachment":[{"href":"https:\/\/gimsoaragon.com\/en\/wp-json\/wp\/v2\/media?parent=1255"}],"curies":[{"name":"wp","href":"https:\/\/api.w.org\/{rel}","templated":true}]}}

<h4>FORMACIÓN</h4>
<ul>
<li>Técnico Superior.</li>
<li>Realización Audiovisuales. I.E.S. Los Enlaces.</li>
<li>Técnico Especialista. I.E.S. Los Enlaces.</li>
<li>Imagen y Sonido. I.E.S. Los Enlaces.</li>
</ul>
<h4>LÍNEAS DE INVESTIGACIÓN</h4>
<ul>
<li>Participación como investigador en 6 proyectos de investigación, de los cuales 3 son financiados por entidades públicas y 3 son ensayos clínicos.</li>
<li>Holding de una patente “Nueva técnica de fotografía micro estereoscópica combinada de la retina en dos ejes (x;y)”.</li>
</ul>
<h4>PRINCIPALES MÉRITOS</h4>
<ul>
<li>Monitor de estudio de Flujo, en el Hospital Miguel Servet de Zaragoza, 2008.</li>
<li>Profesor del curso Imagen y Diagnóstico Ocular, patrocinado por laboratorios Alcon, en el Hospital Miguel Servet de Zaragoza, 2009-2010.</li>
<li>Fotografías publicadas en 3 artículos de revistas, 2 de ellas con num ISBN.</li>
<li>3 comunicaciones a congresos nacionales, una de ellas galardonada con el Premio Especial Ojo Seco, de la Sociedad Española de Oftalmología.</li>
</ul>
<p><a href="/wp-content/uploads/cvfuentes.pdf" target="_blank" rel="noopener noreferrer"><i class="uk-icon-cloud-download"></i> Descargar CV de Juan Luis Fuentes Bernal</a></p>
<p>&nbsp;</p>

<p>FORMACIÓN Técnico Superior. Realización Audiovisuales. I.E.S. Los Enlaces. Técnico Especialista. I.E.S. Los Enlaces. Imagen y Sonido. I.E.S. Los Enlaces. LÍNEAS DE INVESTIGACIÓN Participación como investigador en 6 proyectos de investigación,&#8230; <a style="color: #e4262b" class="read-more" href="https://gimsoaragon.com/en/curriculum-vitae/juan-luis-fuentes-bernal/">more</a></p>
